{"id":289,"date":"2026-03-09T11:26:34","date_gmt":"2026-03-09T11:26:34","guid":{"rendered":"https:\/\/durchdacht.org\/?page_id=289"},"modified":"2026-03-09T11:26:42","modified_gmt":"2026-03-09T11:26:42","slug":"datenschutzerklaerung","status":"publish","type":"page","link":"https:\/\/durchdacht.org\/?page_id=289","title":{"rendered":"Datenschutzerkl\u00e4rung"},"content":{"rendered":"<p>[et_pb_section fb_built=&#8220;1&#8243; fullwidth=&#8220;on&#8220; _builder_version=&#8220;4.16&#8243; global_colors_info=&#8220;{}&#8220; theme_builder_area=&#8220;post_content&#8220;][et_pb_fullwidth_image src=&#8220;http:\/\/durchdacht.org\/wp-content\/uploads\/2017\/12\/Enspannt_Dach-Slider-jpg.jpg&#8220; admin_label=&#8220;BILD INTRO ENTSPANNT&#8220; _builder_version=&#8220;4.16&#8243; global_colors_info=&#8220;{}&#8220; theme_builder_area=&#8220;post_content&#8220;][\/et_pb_fullwidth_image][\/et_pb_section][et_pb_section fb_built=&#8220;1&#8243; _builder_version=&#8220;4.16&#8243; global_colors_info=&#8220;{}&#8220; theme_builder_area=&#8220;post_content&#8220;][et_pb_row _builder_version=&#8220;4.16&#8243; background_size=&#8220;initial&#8220; background_position=&#8220;top_left&#8220; background_repeat=&#8220;repeat&#8220; global_colors_info=&#8220;{}&#8220; theme_builder_area=&#8220;post_content&#8220;][et_pb_column type=&#8220;4_4&#8243; _builder_version=&#8220;4.16&#8243; custom_padding=&#8220;|||&#8220; global_colors_info=&#8220;{}&#8220; custom_padding__hover=&#8220;|||&#8220; theme_builder_area=&#8220;post_content&#8220;][et_pb_text admin_label=&#8220;Impressum_Text&#8220; _builder_version=&#8220;4.16&#8243; text_letter_spacing=&#8220;2px&#8220; global_colors_info=&#8220;{}&#8220; theme_builder_area=&#8220;post_content&#8220;]<\/p>\n<p><strong><\/strong><\/p>\n<p><strong>DATENSCHUTZERKL\u00c4RUNG<\/strong><\/p>\n<p>&nbsp;<\/p>\n<ol>\n<li>Verantwortlicher<\/li>\n<\/ol>\n<p>Verantwortlich f\u00fcr die Datenverarbeitung auf dieser Website ist:<\/p>\n<p>Dachdeckerei DURCHDACHT<br \/>Inhaber: Benjamin Brech<br \/>Mittelstra\u00dfe 4<br \/>52249 Eschweiler<br \/>Deutschland<\/p>\n<p>Telefon: +49 177 799 8984<br \/>E-Mail: info@durchdacht.org<br \/>Website: <a href=\"http:\/\/www.durchdacht.org\">www.durchdacht.org<\/a><\/p>\n<p><span style=\"font-size: 14px;\"><\/span><\/p>\n<p><span style=\"font-size: 14px;\">2.Allgemeine Hinweise zur Datenverarbeitung<\/span><\/p>\n<p>Wir behandeln Ihre personenbezogenen Daten vertraulich und entsprechend den gesetzlichen Datenschutzvorschriften sowie dieser Datenschutzerkl\u00e4rung.<\/p>\n<p>Personenbezogene Daten sind alle Daten, mit denen Sie pers\u00f6nlich identifiziert werden k\u00f6nnen.<\/p>\n<p>Die Verarbeitung Ihrer Daten erfolgt auf Grundlage der Datenschutz-Grundverordnung (DSGVO).<\/p>\n<p>3.<span style=\"font-size: 14px;\">Erfassung von Daten auf unserer Website<\/span><\/p>\n<p>Beim Besuch unserer Website werden automatisch Informationen durch den Hostinganbieter erfasst.<\/p>\n<p>Dies sind insbesondere:<\/p>\n<ul>\n<li>IP-Adresse<\/li>\n<li>Datum und Uhrzeit der Serveranfrage<\/li>\n<li>Browsertyp und Browserversion<\/li>\n<li>verwendetes Betriebssystem<\/li>\n<li>Referrer URL<\/li>\n<li>Hostname des zugreifenden Rechners<\/li>\n<\/ul>\n<p>Diese Daten werden zur Sicherstellung eines st\u00f6rungsfreien Betriebs der Website sowie zur Verbesserung unseres Angebots verarbeitet.<\/p>\n<p>Rechtsgrundlage ist Art. 6 Abs. 1 lit. f DSGVO (berechtigtes Interesse).<\/p>\n<p>\u00a04. Ko<span style=\"font-size: 14px;\">ntaktaufnahme<\/span><\/p>\n<p>Wenn Sie uns per E-Mail oder Telefon kontaktieren, werden Ihre Angaben zur Bearbeitung Ihrer Anfrage gespeichert.<\/p>\n<p>Verarbeitete Daten k\u00f6nnen sein:<\/p>\n<ul>\n<li>Name<\/li>\n<li>Telefonnummer<\/li>\n<li>E-Mail-Adresse<\/li>\n<li>Inhalt der Anfrage<\/li>\n<\/ul>\n<p>Diese Daten geben wir nicht ohne Ihre Einwilligung weiter.<\/p>\n<p>Rechtsgrundlage ist Art. 6 Abs. 1 lit. b DSGVO (Vertrag oder vorvertragliche Ma\u00dfnahme).<\/p>\n<p><span style=\"font-size: 14px;\">5.Speicherung von Daten<\/span><\/p>\n<p>Wir speichern personenbezogene Daten nur so lange, wie dies zur Bearbeitung Ihrer Anfrage oder zur Vertragsabwicklung erforderlich ist.<\/p>\n<p>Gesetzliche Aufbewahrungsfristen bleiben unber\u00fchrt.<\/p>\n<p>Gesch\u00e4ftliche Unterlagen unterliegen in der Regel einer Aufbewahrungsfrist von 6 oder 10 Jahren gem\u00e4\u00df Handels- und Steuerrecht.<\/p>\n<p><span style=\"font-size: 14px;\">6.Weitergabe von Daten<\/span><\/p>\n<p>Eine Weitergabe Ihrer Daten erfolgt nur, wenn dies erforderlich ist.<\/p>\n<p>Dies kann erfolgen an:<\/p>\n<ul>\n<li>Steuerberater<\/li>\n<li>Zahlungsdienstleister<\/li>\n<li>IT-Dienstleister<\/li>\n<li>Hostinganbieter<\/li>\n<\/ul>\n<p>Die Weitergabe erfolgt ausschlie\u00dflich im Rahmen der gesetzlichen Bestimmungen.<\/p>\n<p>7<span style=\"font-size: 14px;\">. Ihre Rechte<\/span><\/p>\n<p>Sie haben folgende Rechte:<\/p>\n<ul>\n<li>Recht auf Auskunft \u00fcber Ihre gespeicherten Daten<\/li>\n<li>Recht auf Berichtigung unrichtiger Daten<\/li>\n<li>Recht auf L\u00f6schung Ihrer Daten<\/li>\n<li>Recht auf Einschr\u00e4nkung der Verarbeitung<\/li>\n<li>Recht auf Daten\u00fcbertragbarkeit<\/li>\n<li>Recht auf Widerspruch gegen die Verarbeitung<\/li>\n<\/ul>\n<p>Sie haben au\u00dferdem das Recht, sich bei einer Datenschutzaufsichtsbeh\u00f6rde zu beschweren.<\/p>\n<p><span style=\"font-size: 14px;\">8. SSL- bzw. TLS-Verschl\u00fcsselung<\/span><\/p>\n<p>Diese Website nutzt aus Sicherheitsgr\u00fcnden eine SSL- bzw. TLS-Verschl\u00fcsselung.<\/p>\n<p>Eine verschl\u00fcsselte Verbindung erkennen Sie daran, dass die Adresszeile des Browsers von \u201ehttp:\/\/\u201c auf \u201ehttps:\/\/\u201c wechselt.<\/p>\n<p><span style=\"font-size: 14px;\"><\/span><\/p>\n<p><span style=\"font-size: 14px;\">9.\u00c4nderungen dieser Datenschutzerkl\u00e4rung<\/span><\/p>\n<p>Wir behalten uns vor, diese Datenschutzerkl\u00e4rung anzupassen, damit sie stets den aktuellen rechtlichen Anforderungen entspricht oder \u00c4nderungen unserer Leistungen ber\u00fccksichtigt.<\/p>\n<p>F\u00fcr Ihren erneuten Besuch gilt dann die neue Datenschutzerkl\u00e4rung.<\/p>\n<p>&nbsp;<\/p>\n<p>Dachdeckerei DURCHDACHT<br \/>Inh. Benjamin Brech<br \/>Mittelstra\u00dfe 4<br \/>52249 Eschweiler<br \/>Deutschland<\/p>\n<p><strong>Kontakt:<\/strong><br \/>Telefon: 00 49 177 799 898 4<br \/>Telefax: 00 49 2403 704560<br \/>E-Mail: info[@]durchdacht.org<br \/>Internet: www.durchdacht.org<\/p>\n<p>&nbsp;<\/p>\n<p>[\/et_pb_text][\/et_pb_column][\/et_pb_row][\/et_pb_section]<\/p>\n","protected":false},"excerpt":{"rendered":"<p>DATENSCHUTZERKL\u00c4RUNG &nbsp; Verantwortlicher Verantwortlich f\u00fcr die Datenverarbeitung auf dieser Website ist: Dachdeckerei DURCHDACHTInhaber: Benjamin BrechMittelstra\u00dfe 452249 EschweilerDeutschland Telefon: +49 177 799 8984E-Mail: info@durchdacht.orgWebsite: www.durchdacht.org 2.Allgemeine Hinweise zur Datenverarbeitung Wir behandeln Ihre personenbezogenen Daten vertraulich und entsprechend den gesetzlichen Datenschutzvorschriften sowie dieser Datenschutzerkl\u00e4rung. Personenbezogene Daten sind alle Daten, mit denen Sie pers\u00f6nlich identifiziert werden k\u00f6nnen. Die [&hellip;]<\/p>\n","protected":false},"author":1,"featured_media":0,"parent":0,"menu_order":0,"comment_status":"closed","ping_status":"closed","template":"","meta":{"_et_pb_use_builder":"on","_et_pb_old_content":"","_et_gb_content_width":"","footnotes":""},"_links":{"self":[{"href":"https:\/\/durchdacht.org\/index.php?rest_route=\/wp\/v2\/pages\/289"}],"collection":[{"href":"https:\/\/durchdacht.org\/index.php?rest_route=\/wp\/v2\/pages"}],"about":[{"href":"https:\/\/durchdacht.org\/index.php?rest_route=\/wp\/v2\/types\/page"}],"author":[{"embeddable":true,"href":"https:\/\/durchdacht.org\/index.php?rest_route=\/wp\/v2\/users\/1"}],"replies":[{"embeddable":true,"href":"https:\/\/durchdacht.org\/index.php?rest_route=%2Fwp%2Fv2%2Fcomments&post=289"}],"version-history":[{"count":2,"href":"https:\/\/durchdacht.org\/index.php?rest_route=\/wp\/v2\/pages\/289\/revisions"}],"predecessor-version":[{"id":293,"href":"https:\/\/durchdacht.org\/index.php?rest_route=\/wp\/v2\/pages\/289\/revisions\/293"}],"wp:attachment":[{"href":"https:\/\/durchdacht.org\/index.php?rest_route=%2Fwp%2Fv2%2Fmedia&parent=289"}],"curies":[{"name":"wp","href":"https:\/\/api.w.org\/{rel}","templated":true}]}}

Datenschutzerklärung

<p>[et_pb_section fb_built=&#8220;1&#8243; fullwidth=&#8220;on&#8220; _builder_version=&#8220;4.16&#8243; global_colors_info=&#8220;{}&#8220; theme_builder_area=&#8220;post_content&#8220;][et_pb_fullwidth_image src=&#8220;http://durchdacht.org/wp-content/uploads/2017/12/Enspannt_Dach-Slider-jpg.jpg&#8220; admin_label=&#8220;BILD INTRO ENTSPANNT&#8220; _builder_version=&#8220;4.16&#8243; global_colors_info=&#8220;{}&#8220; theme_builder_area=&#8220;post_content&#8220;][/et_pb_fullwidth_image][/et_pb_section][et_pb_section fb_built=&#8220;1&#8243; _builder_version=&#8220;4.16&#8243; global_colors_info=&#8220;{}&#8220; theme_builder_area=&#8220;post_content&#8220;][et_pb_row _builder_version=&#8220;4.16&#8243; background_size=&#8220;initial&#8220; background_position=&#8220;top_left&#8220; background_repeat=&#8220;repeat&#8220; global_colors_info=&#8220;{}&#8220; theme_builder_area=&#8220;post_content&#8220;][et_pb_column type=&#8220;4_4&#8243; _builder_version=&#8220;4.16&#8243; custom_padding=&#8220;|||&#8220; global_colors_info=&#8220;{}&#8220; custom_padding__hover=&#8220;|||&#8220; theme_builder_area=&#8220;post_content&#8220;][et_pb_text admin_label=&#8220;Impressum_Text&#8220; _builder_version=&#8220;4.16&#8243; text_letter_spacing=&#8220;2px&#8220; global_colors_info=&#8220;{}&#8220; theme_builder_area=&#8220;post_content&#8220;]</p>
<p><strong></strong></p>
<p><strong>DATENSCHUTZERKLÄRUNG</strong></p>
<p>&nbsp;</p>
<ol>
<li>Verantwortlicher</li>
</ol>
<p>Verantwortlich für die Datenverarbeitung auf dieser Website ist:</p>
<p>Dachdeckerei DURCHDACHT<br />Inhaber: Benjamin Brech<br />Mittelstraße 4<br />52249 Eschweiler<br />Deutschland</p>
<p>Telefon: +49 177 799 8984<br />E-Mail: info@durchdacht.org<br />Website: <a href="http://www.durchdacht.org">www.durchdacht.org</a></p>
<p><span style="font-size: 14px;"></span></p>
<p><span style="font-size: 14px;">2.Allgemeine Hinweise zur Datenverarbeitung</span></p>
<p>Wir behandeln Ihre personenbezogenen Daten vertraulich und entsprechend den gesetzlichen Datenschutzvorschriften sowie dieser Datenschutzerklärung.</p>
<p>Personenbezogene Daten sind alle Daten, mit denen Sie persönlich identifiziert werden können.</p>
<p>Die Verarbeitung Ihrer Daten erfolgt auf Grundlage der Datenschutz-Grundverordnung (DSGVO).</p>
<p>3.<span style="font-size: 14px;">Erfassung von Daten auf unserer Website</span></p>
<p>Beim Besuch unserer Website werden automatisch Informationen durch den Hostinganbieter erfasst.</p>
<p>Dies sind insbesondere:</p>
<ul>
<li>IP-Adresse</li>
<li>Datum und Uhrzeit der Serveranfrage</li>
<li>Browsertyp und Browserversion</li>
<li>verwendetes Betriebssystem</li>
<li>Referrer URL</li>
<li>Hostname des zugreifenden Rechners</li>
</ul>
<p>Diese Daten werden zur Sicherstellung eines störungsfreien Betriebs der Website sowie zur Verbesserung unseres Angebots verarbeitet.</p>
<p>Rechtsgrundlage ist Art. 6 Abs. 1 lit. f DSGVO (berechtigtes Interesse).</p>
<p> 4. Ko<span style="font-size: 14px;">ntaktaufnahme</span></p>
<p>Wenn Sie uns per E-Mail oder Telefon kontaktieren, werden Ihre Angaben zur Bearbeitung Ihrer Anfrage gespeichert.</p>
<p>Verarbeitete Daten können sein:</p>
<ul>
<li>Name</li>
<li>Telefonnummer</li>
<li>E-Mail-Adresse</li>
<li>Inhalt der Anfrage</li>
</ul>
<p>Diese Daten geben wir nicht ohne Ihre Einwilligung weiter.</p>
<p>Rechtsgrundlage ist Art. 6 Abs. 1 lit. b DSGVO (Vertrag oder vorvertragliche Maßnahme).</p>
<p><span style="font-size: 14px;">5.Speicherung von Daten</span></p>
<p>Wir speichern personenbezogene Daten nur so lange, wie dies zur Bearbeitung Ihrer Anfrage oder zur Vertragsabwicklung erforderlich ist.</p>
<p>Gesetzliche Aufbewahrungsfristen bleiben unberührt.</p>
<p>Geschäftliche Unterlagen unterliegen in der Regel einer Aufbewahrungsfrist von 6 oder 10 Jahren gemäß Handels- und Steuerrecht.</p>
<p><span style="font-size: 14px;">6.Weitergabe von Daten</span></p>
<p>Eine Weitergabe Ihrer Daten erfolgt nur, wenn dies erforderlich ist.</p>
<p>Dies kann erfolgen an:</p>
<ul>
<li>Steuerberater</li>
<li>Zahlungsdienstleister</li>
<li>IT-Dienstleister</li>
<li>Hostinganbieter</li>
</ul>
<p>Die Weitergabe erfolgt ausschließlich im Rahmen der gesetzlichen Bestimmungen.</p>
<p>7<span style="font-size: 14px;">. Ihre Rechte</span></p>
<p>Sie haben folgende Rechte:</p>
<ul>
<li>Recht auf Auskunft über Ihre gespeicherten Daten</li>
<li>Recht auf Berichtigung unrichtiger Daten</li>
<li>Recht auf Löschung Ihrer Daten</li>
<li>Recht auf Einschränkung der Verarbeitung</li>
<li>Recht auf Datenübertragbarkeit</li>
<li>Recht auf Widerspruch gegen die Verarbeitung</li>
</ul>
<p>Sie haben außerdem das Recht, sich bei einer Datenschutzaufsichtsbehörde zu beschweren.</p>
<p><span style="font-size: 14px;">8. SSL- bzw. TLS-Verschlüsselung</span></p>
<p>Diese Website nutzt aus Sicherheitsgründen eine SSL- bzw. TLS-Verschlüsselung.</p>
<p>Eine verschlüsselte Verbindung erkennen Sie daran, dass die Adresszeile des Browsers von „http://“ auf „https://“ wechselt.</p>
<p><span style="font-size: 14px;"></span></p>
<p><span style="font-size: 14px;">9.Änderungen dieser Datenschutzerklärung</span></p>
<p>Wir behalten uns vor, diese Datenschutzerklärung anzupassen, damit sie stets den aktuellen rechtlichen Anforderungen entspricht oder Änderungen unserer Leistungen berücksichtigt.</p>
<p>Für Ihren erneuten Besuch gilt dann die neue Datenschutzerklärung.</p>
<p>&nbsp;</p>
<p>Dachdeckerei DURCHDACHT<br />Inh. Benjamin Brech<br />Mittelstraße 4<br />52249 Eschweiler<br />Deutschland</p>
<p><strong>Kontakt:</strong><br />Telefon: 00 49 177 799 898 4<br />Telefax: 00 49 2403 704560<br />E-Mail: info[@]durchdacht.org<br />Internet: www.durchdacht.org</p>
<p>&nbsp;</p>
<p>[/et_pb_text][/et_pb_column][/et_pb_row][/et_pb_section]</p>

<p>DATENSCHUTZERKLÄRUNG &nbsp; Verantwortlicher Verantwortlich für die Datenverarbeitung auf dieser Website ist: Dachdeckerei DURCHDACHTInhaber: Benjamin BrechMittelstraße 452249 EschweilerDeutschland Telefon: +49 177 799 8984E-Mail: info@durchdacht.orgWebsite: www.durchdacht.org 2.Allgemeine Hinweise zur Datenverarbeitung Wir behandeln Ihre personenbezogenen Daten vertraulich und entsprechend den gesetzlichen Datenschutzvorschriften sowie dieser Datenschutzerklärung. Personenbezogene Daten sind alle Daten, mit denen Sie persönlich identifiziert werden können. Die [&hellip;]</p>
