{"id":205,"date":"2023-02-09T13:24:26","date_gmt":"2023-02-09T13:24:26","guid":{"rendered":"http:\/\/durchdacht.org\/?page_id=205"},"modified":"2026-03-09T10:52:21","modified_gmt":"2026-03-09T10:52:21","slug":"agbs","status":"publish","type":"page","link":"https:\/\/durchdacht.org\/?page_id=205","title":{"rendered":"AGB\u00b4s"},"content":{"rendered":"<p>[et_pb_section fb_built=&#8220;1&#8243; fullwidth=&#8220;on&#8220; _builder_version=&#8220;4.16&#8243; global_colors_info=&#8220;{}&#8220;][et_pb_fullwidth_image src=&#8220;http:\/\/durchdacht.org\/wp-content\/uploads\/2017\/12\/Enspannt_Dach-Slider-jpg.jpg&#8220; admin_label=&#8220;BILD INTRO ENTSPANNT&#8220; _builder_version=&#8220;4.16&#8243; background_size=&#8220;initial&#8220; background_position=&#8220;top_left&#8220; background_repeat=&#8220;repeat&#8220; global_colors_info=&#8220;{}&#8220;][\/et_pb_fullwidth_image][\/et_pb_section][et_pb_section fb_built=&#8220;1&#8243; _builder_version=&#8220;4.16&#8243; global_colors_info=&#8220;{}&#8220;][et_pb_row _builder_version=&#8220;4.16&#8243; background_size=&#8220;initial&#8220; background_position=&#8220;top_left&#8220; background_repeat=&#8220;repeat&#8220; custom_padding=&#8220;27px|||||&#8220; global_colors_info=&#8220;{}&#8220;][et_pb_column type=&#8220;4_4&#8243; _builder_version=&#8220;4.16&#8243; custom_padding=&#8220;|||&#8220; global_colors_info=&#8220;{}&#8220; custom_padding__hover=&#8220;|||&#8220;][et_pb_text admin_label=&#8220;AGB_Text&#8220; _builder_version=&#8220;4.16&#8243; text_letter_spacing=&#8220;2px&#8220; global_colors_info=&#8220;{}&#8220;]<\/p>\n<p><span style=\"font-size: 14.0pt; font-family: 'Arial',sans-serif; color: #111111;\">Allgemeine Gesch\u00e4ftsbedingungen (AGB)<o:p><\/o:p><\/span><\/p>\n<p>&nbsp;<\/p>\n<p><span style=\"font-size: 14.0pt; font-family: 'Arial',sans-serif; color: #111111;\"><o:p>\u00a0<\/o:p><\/span><\/p>\n<p><b><span style=\"font-size: 14.0pt; font-family: 'Arial',sans-serif; color: #111111;\">Geltungsbereich<o:p><\/o:p><\/span><\/b><\/p>\n<p><span style=\"font-size: 14.0pt; font-family: 'Arial',sans-serif; color: #111111;\">1.1 Diese Allgemeinen Gesch\u00e4ftsbedingungen gelten f\u00fcr alle Vertr\u00e4ge \u00fcber Bau-, Reparatur-, Wartungs- und sonstige Handwerksleistungen zwischen uns und unseren Auftraggebern.<o:p><\/o:p><\/span><\/p>\n<p><span style=\"color: #111111; font-family: Arial, sans-serif; font-size: 14pt;\">1.2 Verbraucher ist jede nat\u00fcrliche Person, die ein Rechtsgesch\u00e4ft zu privaten Zwecken abschlie\u00dft (\u00a7 13 BGB). Unternehmer ist eine nat\u00fcrliche oder juristische Person in Aus\u00fcbung ihrer gewerblichen T\u00e4tigkeit (\u00a7 14 BGB).<\/span><\/p>\n<p><span style=\"color: #111111; font-family: Arial, sans-serif; font-size: 14pt;\">1.3 Abweichende Gesch\u00e4ftsbedingungen des Auftraggebers gelten nur, wenn wir diese ausdr\u00fccklich schriftlich anerkennen.<\/span><\/p>\n<p><b><span style=\"font-size: 14.0pt; font-family: 'Arial',sans-serif; color: #111111;\"><o:p>\u00a0<\/o:p><\/span><\/b><\/p>\n<p><b><span style=\"font-size: 14.0pt; font-family: 'Arial',sans-serif; color: #111111;\">Angebote und Vertragsabschluss<o:p><\/o:p><\/span><\/b><\/p>\n<p><span style=\"font-size: 14.0pt; font-family: 'Arial',sans-serif; color: #111111;\">2.1 Unsere Angebote sind freibleibend, sofern sie nicht ausdr\u00fccklich als verbindlich bezeichnet werden.<o:p><\/o:p><\/span><\/p>\n<p><span style=\"color: #111111; font-family: Arial, sans-serif; font-size: 14pt;\">2.2 Zeichnungen, Ma\u00dfe, Abbildungen und technische Angaben dienen der Leistungsbeschreibung und stellen keine Beschaffenheitsgarantie dar.<\/span><\/p>\n<p><span style=\"color: #111111; font-family: Arial, sans-serif; font-size: 14pt;\">2.3 Ein Vertrag kommt durch schriftliche Auftragsbest\u00e4tigung, durch schriftliche Auftragserteilung des Auftraggebers oder durch Beginn der Arbeiten zustande.<\/span><\/p>\n<p><span style=\"font-size: 14.0pt; font-family: 'Arial',sans-serif; color: #111111;\"><o:p>\u00a0<\/o:p><\/span><\/p>\n<p><b><span style=\"font-size: 14.0pt; font-family: 'Arial',sans-serif; color: #111111;\">Preise<o:p><\/o:p><\/span><\/b><\/p>\n<p><span style=\"font-size: 14.0pt; font-family: 'Arial',sans-serif; color: #111111;\">3.1 Alle Preise verstehen sich als Nettopreise zuz\u00fcglich der jeweils g\u00fcltigen gesetzlichen Mehrwertsteuer.<\/span><span style=\"color: #111111; font-family: Arial, sans-serif; font-size: 14pt;\">\u00a0<\/span><\/p>\n<p><span style=\"font-size: 14.0pt; font-family: 'Arial',sans-serif; color: #111111;\">3.2 Bei einer Leistungszeit von mehr als vier Monaten nach Vertragsschluss behalten wir uns vor, Preissteigerungen bei Material- oder Lohnkosten weiterzugeben. \u00dcbersteigt die Erh\u00f6hung 10 %, ist der Auftraggeber zum R\u00fccktritt berechtigt.<o:p><\/o:p><\/span><\/p>\n<p><span style=\"font-size: 14.0pt; font-family: 'Arial',sans-serif; color: #111111;\"><o:p>\u00a0<\/o:p><\/span><\/p>\n<p><b><span style=\"font-size: 14.0pt; font-family: 'Arial',sans-serif; color: #111111;\">Stundenlohn- und Reparaturarbeiten<o:p><\/o:p><\/span><\/b><\/p>\n<p><span style=\"font-size: 14.0pt; font-family: 'Arial',sans-serif; color: #111111;\">4.1 Sofern keine Pauschalverg\u00fctung vereinbart wurde, erfolgt die Abrechnung nach Stundenlohn.<\/span><span style=\"color: #111111; font-family: Arial, sans-serif; font-size: 14pt;\">\u00a0<\/span><\/p>\n<p><span style=\"font-size: 14.0pt; font-family: 'Arial',sans-serif; color: #111111;\">4.2 Die Arbeitszeit beginnt mit der Abfahrt vom Betriebssitz in 52249 Eschweiler und endet mit der R\u00fcckkehr zum Betriebssitz.<\/span><span style=\"color: #111111; font-family: Arial, sans-serif; font-size: 14pt;\">\u00a0<\/span><\/p>\n<p><span style=\"font-size: 14.0pt; font-family: 'Arial',sans-serif; color: #111111;\">4.3 Fahrzeiten gelten als verg\u00fctungspflichtige Arbeitszeit.<\/span><span style=\"color: #111111; font-family: Arial, sans-serif; font-size: 14pt;\">\u00a0<\/span><\/p>\n<p><span style=\"font-size: 14.0pt; font-family: 'Arial',sans-serif; color: #111111;\">4.4 Materialkosten, Entsorgungskosten und sonstige Nebenleistungen werden gesondert berechnet.<\/span><span style=\"color: #111111; font-family: Arial, sans-serif; font-size: 14pt;\">\u00a0<\/span><\/p>\n<p><span style=\"font-size: 14.0pt; font-family: 'Arial',sans-serif; color: #111111;\">4.5 Auf Wunsch erh\u00e4lt der Auftraggeber einen Stundennachweis.<o:p><\/o:p><\/span><\/p>\n<p><span style=\"font-size: 14.0pt; font-family: 'Arial',sans-serif; color: #111111;\"><o:p>\u00a0<\/o:p><\/span><\/p>\n<p><b><span style=\"font-size: 14.0pt; font-family: 'Arial',sans-serif; color: #111111;\">Zahlungsbedingungen<o:p><\/o:p><\/span><\/b><\/p>\n<p><span style=\"font-size: 14.0pt; font-family: 'Arial',sans-serif; color: #111111;\">5.1 Abschlagszahlungen sind innerhalb von 8 Werktagen nach Rechnungsstellung f\u00e4llig.<\/span><span style=\"color: #111111; font-family: Arial, sans-serif; font-size: 14pt;\">\u00a0<\/span><\/p>\n<p><span style=\"font-size: 14.0pt; font-family: 'Arial',sans-serif; color: #111111;\">5.2 Schlussrechnungen sind innerhalb von 14 Werktagen ohne Abzug zahlbar.<\/span><span style=\"color: #111111; font-family: Arial, sans-serif; font-size: 14pt;\">\u00a0<\/span><\/p>\n<p><span style=\"font-size: 14.0pt; font-family: 'Arial',sans-serif; color: #111111;\">5.3 Bei Zahlungsverzug berechnen wir Verzugszinsen:<\/span><span style=\"color: #111111; font-family: Arial, sans-serif; font-size: 14pt;\">\u00a0<\/span><\/p>\n<p><span style=\"font-size: 14.0pt; font-family: 'Arial',sans-serif; color: #111111;\">\u2022 Verbraucher: 5 Prozentpunkte \u00fcber dem Basiszinssatz (\u00a7 288 BGB)<o:p><\/o:p><\/span><\/p>\n<p><span style=\"font-size: 14.0pt; font-family: 'Arial',sans-serif; color: #111111;\">\u2022 Unternehmer: 9 Prozentpunkte \u00fcber dem Basiszinssatz (\u00a7 288 BGB)<\/span><span style=\"color: #111111; font-family: Arial, sans-serif; font-size: 14pt;\">\u00a0<\/span><\/p>\n<p><span style=\"font-size: 14.0pt; font-family: 'Arial',sans-serif; color: #111111;\">5.4 Unternehmer schulden zus\u00e4tzlich eine gesetzliche Verzugspauschale von 40 \u20ac.<o:p><\/o:p><\/span><\/p>\n<p><span style=\"color: #111111; font-family: Arial, sans-serif; font-size: 14pt;\">5.5 F\u00fcr jede berechtigte Mahnung berechnen wir eine Mahnpauschale von 5,00 \u20ac.<\/span><\/p>\n<p><span style=\"font-size: 14.0pt; font-family: 'Arial',sans-serif; color: #111111;\">5.6 Bei Zahlungsverzug sind wir berechtigt, Arbeiten bis zur vollst\u00e4ndigen Begleichung offener Forderungen einzustellen.<o:p><\/o:p><\/span><\/p>\n<p><span style=\"font-size: 14.0pt; font-family: 'Arial',sans-serif; color: #111111;\"><o:p>\u00a0<\/o:p><\/span><\/p>\n<p><b><span style=\"font-size: 14.0pt; font-family: 'Arial',sans-serif; color: #111111;\">Eigentumsvorbehalt<o:p><\/o:p><\/span><\/b><\/p>\n<p><span style=\"font-size: 14.0pt; font-family: 'Arial',sans-serif; color: #111111;\">Gelieferte Materialien bleiben bis zur vollst\u00e4ndigen Zahlung unser Eigentum.<o:p><\/o:p><\/span><\/p>\n<p><span style=\"color: #111111; font-family: Arial, sans-serif; font-size: 14pt;\">Baustellenzugang und Mitwirkungspflichten<\/span><\/p>\n<p><span style=\"color: #111111; font-family: Arial, sans-serif; font-size: 14pt;\">7.1 Der Auftraggeber stellt sicher, dass die Baustelle frei zug\u00e4nglich ist.<\/span><\/p>\n<p><span style=\"color: #111111; font-family: Arial, sans-serif; font-size: 14pt;\">7.2 Der Auftraggeber stellt erforderliche Anschl\u00fcsse f\u00fcr Strom und Wasser unentgeltlich zur Verf\u00fcgung.<\/span><\/p>\n<p><span style=\"color: #111111; font-family: Arial, sans-serif; font-size: 14pt;\">7.3 Verz\u00f6gerungen durch fehlende Mitwirkung des Auftraggebers k\u00f6nnen zu Terminverschiebungen und Mehrkosten f\u00fchren.<\/span><\/p>\n<p><span style=\"font-size: 14.0pt; font-family: 'Arial',sans-serif; color: #111111;\"><o:p>\u00a0<\/o:p><\/span><\/p>\n<p><b><span style=\"font-size: 14.0pt; font-family: 'Arial',sans-serif; color: #111111;\">Ger\u00fcste und Sicherungsma\u00dfnahmen<o:p><\/o:p><\/span><\/b><\/p>\n<p><span style=\"font-size: 14.0pt; font-family: 'Arial',sans-serif; color: #111111;\">8.1 Erforderliche Ger\u00fcste, Absturzsicherungen oder Schutzma\u00dfnahmen werden gesondert vereinbart, sofern sie nicht Bestandteil des Angebots sind.<o:p><\/o:p><\/span><\/p>\n<p><span style=\"color: #111111; font-family: Arial, sans-serif; font-size: 14pt;\">8.2 Wird ein Ger\u00fcst bauseits gestellt, tr\u00e4gt der Auftraggeber die Verantwortung f\u00fcr dessen Sicherheit und Zulassung.<\/span><\/p>\n<p><span style=\"font-size: 14.0pt; font-family: 'Arial',sans-serif; color: #111111;\"><o:p>\u00a0<\/o:p><\/span><\/p>\n<p><b><span style=\"font-size: 14.0pt; font-family: 'Arial',sans-serif; color: #111111;\">Termine und Ausf\u00fchrungsfristen<o:p><\/o:p><\/span><\/b><\/p>\n<p><span style=\"font-size: 14.0pt; font-family: 'Arial',sans-serif; color: #111111;\">9.1 Termine sind nur verbindlich, wenn sie schriftlich vereinbart wurden.<o:p><\/o:p><\/span><\/p>\n<p><span style=\"color: #111111; font-family: Arial, sans-serif; font-size: 14pt;\">9.2 Lieferengp\u00e4sse, Materialprobleme oder andere von uns nicht zu vertretende Umst\u00e4nde verl\u00e4ngern die Ausf\u00fchrungsfrist angemessen.<\/span><\/p>\n<p><span style=\"font-size: 14.0pt; font-family: 'Arial',sans-serif; color: #111111;\"><o:p>\u00a0<\/o:p><\/span><\/p>\n<p><b><span style=\"font-size: 14.0pt; font-family: 'Arial',sans-serif; color: #111111;\">Witterungsbedingungen<o:p><\/o:p><\/span><\/b><\/p>\n<p><span style=\"font-size: 14.0pt; font-family: 'Arial',sans-serif; color: #111111;\">10.1 Dacharbeiten sind stark witterungsabh\u00e4ngig.<o:p><\/o:p><\/span><\/p>\n<p><span style=\"font-size: 14.0pt; font-family: 'Arial',sans-serif; color: #111111;\">10.2 Bei Regen, Schnee, Sturm, Frost oder anderen ungeeigneten Wetterbedingungen k\u00f6nnen Arbeiten aus Sicherheits- oder Qualit\u00e4tsgr\u00fcnden unterbrochen oder verschoben werden.<o:p><\/o:p><\/span><\/p>\n<p><span style=\"color: #111111; font-family: Arial, sans-serif; font-size: 14pt;\">10.3 Daraus entstehende Verz\u00f6gerungen stellen keinen Mangel dar.<\/span><\/p>\n<p><span style=\"font-size: 14.0pt; font-family: 'Arial',sans-serif; color: #111111;\"><o:p>\u00a0<\/o:p><\/span><\/p>\n<p><b><span style=\"font-size: 14.0pt; font-family: 'Arial',sans-serif; color: #111111;\">Bauverz\u00f6gerungen durch andere Gewerke<o:p><\/o:p><\/span><\/b><\/p>\n<p><span style=\"font-size: 14.0pt; font-family: 'Arial',sans-serif; color: #111111;\">11.1 Verz\u00f6gerungen durch Vorarbeiten anderer Gewerke oder durch bauseitige Umst\u00e4nde f\u00fchren zu einer Anpassung der Ausf\u00fchrungsfristen.<o:p><\/o:p><\/span><\/p>\n<p><span style=\"color: #111111; font-family: Arial, sans-serif; font-size: 14pt;\">11.2 Hierdurch entstehende Mehrkosten k\u00f6nnen gesondert berechnet werden.<\/span><\/p>\n<p>&nbsp;<\/p>\n<p><b><span style=\"font-size: 14.0pt; font-family: 'Arial',sans-serif; color: #111111;\">Materiallagerung auf der Baustelle<o:p><\/o:p><\/span><\/b><\/p>\n<p><span style=\"font-size: 14.0pt; font-family: 'Arial',sans-serif; color: #111111;\">Material, das auf der Baustelle angeliefert und gelagert wird, befindet sich nach Anlieferung im Verantwortungsbereich des Auftraggebers.<o:p><\/o:p><\/span><\/p>\n<p><span style=\"font-size: 14.0pt; font-family: 'Arial',sans-serif; color: #111111;\"><o:p>\u00a0<\/o:p><\/span><\/p>\n<p><b><span style=\"font-size: 14.0pt; font-family: 'Arial',sans-serif; color: #111111;\">Zusatzarbeiten und versteckte M\u00e4ngel<o:p><\/o:p><\/span><\/b><\/p>\n<p><span style=\"font-size: 14.0pt; font-family: 'Arial',sans-serif; color: #111111;\">13.1 Werden w\u00e4hrend der Arbeiten weitere Sch\u00e4den oder M\u00e4ngel sichtbar, die vorher nicht erkennbar waren, informieren wir den Auftraggeber.<o:p><\/o:p><\/span><\/p>\n<p><span style=\"color: #111111; font-family: Arial, sans-serif; font-size: 14pt;\">13.2 Notwendige Zusatzarbeiten werden nach Abstimmung gesondert berechnet.<\/span><\/p>\n<p><span style=\"font-size: 14.0pt; font-family: 'Arial',sans-serif; color: #111111;\"><o:p>\u00a0<\/o:p><\/span><\/p>\n<p><b><span style=\"font-size: 14.0pt; font-family: 'Arial',sans-serif; color: #111111;\">Abnahme<o:p><\/o:p><\/span><\/b><\/p>\n<p><span style=\"font-size: 14.0pt; font-family: 'Arial',sans-serif; color: #111111;\"><o:p>\u00a0<\/o:p><\/span><\/p>\n<p><span style=\"font-size: 14.0pt; font-family: 'Arial',sans-serif; color: #111111;\">14.1 Der Auftraggeber hat die Leistung innerhalb von 12 Werktagen nach Mitteilung \u00fcber die Fertigstellung abzunehmen.<o:p><\/o:p><\/span><\/p>\n<p><span style=\"color: #111111; font-family: Arial, sans-serif; font-size: 14pt;\">14.2 Erfolgt keine Abnahme innerhalb dieser Frist und werden keine wesentlichen M\u00e4ngel schriftlich angezeigt, gilt die Leistung als abgenommen (\u00a7 640 BGB).<\/span><\/p>\n<p><span style=\"font-size: 14.0pt; font-family: 'Arial',sans-serif; color: #111111;\"><o:p>\u00a0<\/o:p><\/span><\/p>\n<p><b><span style=\"font-size: 14.0pt; font-family: 'Arial',sans-serif; color: #111111;\">Gew\u00e4hrleistung<o:p><\/o:p><\/span><\/b><\/p>\n<p><span style=\"font-size: 14.0pt; font-family: 'Arial',sans-serif; color: #111111;\">15.1 F\u00fcr Bauleistungen gilt die gesetzliche Gew\u00e4hrleistungsfrist von 4 Jahren (\u00a7 634a BGB).<o:p><\/o:p><\/span><\/p>\n<p><span style=\"color: #111111; font-family: Arial, sans-serif; font-size: 14pt;\">15.2 F\u00fcr Wartungs- und Reparaturarbeiten gilt die gesetzliche Gew\u00e4hrleistungsfrist von 2 Jahren bei Verbrauchern.<\/span><\/p>\n<p><span style=\"color: #111111; font-family: Arial, sans-serif; font-size: 14pt;\">15.3 Offensichtliche M\u00e4ngel sollen unverz\u00fcglich angezeigt werden.<\/span><\/p>\n<p><span style=\"font-size: 14.0pt; font-family: 'Arial',sans-serif; color: #111111;\"><o:p>\u00a0<\/o:p><\/span><\/p>\n<p><b><span style=\"font-size: 14.0pt; font-family: 'Arial',sans-serif; color: #111111;\">Widerrufsrecht<o:p><\/o:p><\/span><\/b><\/p>\n<p><span style=\"font-size: 14.0pt; font-family: 'Arial',sans-serif; color: #111111;\">16.1 Verbrauchern steht bei au\u00dferhalb von Gesch\u00e4ftsr\u00e4umen geschlossenen Vertr\u00e4gen sowie bei Fernabsatzvertr\u00e4gen ein gesetzliches Widerrufsrecht von 14 Tagen gem\u00e4\u00df \u00a7 355 BGB zu.<o:p><\/o:p><\/span><\/p>\n<p><span style=\"color: #111111; font-family: Arial, sans-serif; font-size: 14pt;\">16.2 Die Einzelheiten zum Widerrufsrecht ergeben sich aus unserer gesonderten Widerrufsbelehrung auf unserer Website.<\/span><\/p>\n<p><b><span style=\"font-size: 14.0pt; font-family: 'Arial',sans-serif; color: #111111;\"><o:p>\u00a0<\/o:p><\/span><\/b><\/p>\n<p><b><span style=\"font-size: 14.0pt; font-family: 'Arial',sans-serif; color: #111111;\">Datenschutz<o:p><\/o:p><\/span><\/b><\/p>\n<p><span style=\"font-size: 14.0pt; font-family: 'Arial',sans-serif; color: #111111;\"><o:p>\u00a0<\/o:p><\/span><\/p>\n<p><span style=\"font-size: 14.0pt; font-family: 'Arial',sans-serif; color: #111111;\">Wir verarbeiten personenbezogene Daten ausschlie\u00dflich gem\u00e4\u00df Datenschutz-Grundverordnung (DSGVO). Weitere Informationen finden Sie in unserer Datenschutzerkl\u00e4rung auf unserer Website.<o:p><\/o:p><\/span><\/p>\n<p><b><span style=\"font-size: 14.0pt; font-family: 'Arial',sans-serif; color: #111111;\"><o:p>\u00a0<\/o:p><\/span><\/b><\/p>\n<p><b><span style=\"font-size: 14.0pt; font-family: 'Arial',sans-serif; color: #111111;\">Gerichtsstand und Schlussbestimmungen<o:p><\/o:p><\/span><\/b><\/p>\n<p><span style=\"font-size: 14.0pt; font-family: 'Arial',sans-serif; color: #111111;\">18.1 F\u00fcr Unternehmer ist Gerichtsstand Eschweiler.<o:p><\/o:p><\/span><\/p>\n<p><span style=\"color: #111111; font-family: Arial, sans-serif; font-size: 14pt;\">18.2 F\u00fcr Verbraucher gelten die gesetzlichen Gerichtsst\u00e4nde.<\/span><\/p>\n<p><span style=\"font-size: 14.0pt; font-family: 'Arial',sans-serif; color: #111111;\">18.3 Sollten einzelne Bestimmungen dieser AGB unwirksam sein, bleibt die Wirksamkeit der \u00fcbrigen Bestimmungen unber\u00fchrt.<\/span><span style=\"font-size: 14.0pt; font-family: 'Arial',sans-serif;\"><o:p><\/o:p><\/span><\/p>\n<p style=\"margin: 0cm;\"><span style=\"font-size: 14.0pt; font-family: 'Arial',sans-serif; color: #111111;\"><\/span><\/p>\n<p style=\"margin: 0cm;\"><span style=\"font-size: 14.0pt; font-family: 'Arial',sans-serif; color: #111111;\"><\/span><\/p>\n<p style=\"margin: 0cm;\"><span style=\"font-size: 14.0pt; font-family: 'Arial',sans-serif; color: #111111;\"><\/span><\/p>\n<p style=\"margin: 0cm;\"><span style=\"font-size: 14.0pt; font-family: 'Arial',sans-serif; color: #111111;\"><\/span><\/p>\n<p style=\"margin: 0cm;\"><span style=\"font-size: 14.0pt; font-family: 'Arial',sans-serif; color: #111111;\"><\/span><\/p>\n<p style=\"margin: 0cm;\"><span style=\"font-size: 14.0pt; font-family: 'Arial',sans-serif; color: #111111;\"><\/span><\/p>\n<p><strong>Dachdeckerei DURCHDACHT<\/strong><br \/>Inh. Benjamin Brech<br \/>Mittelstra\u00dfe 4<br \/>52249 Eschweiler<br \/>Deutschland<\/p>\n<p><strong>Kontakt:<\/strong><br \/>Telefon: 00 49 177 799 898 4<br \/>Telefax: 00 49 2403 704560<br \/>E-Mail: info[@]durchdacht.org<br \/>Internet: www.durchdacht.org<\/p>\n<p><strong>Gerichtsstand:<\/strong> Eschweiler<\/p>\n<p><strong>Umsatzsteuer-ID:<\/strong><br \/>Umsatzsteuer-Identifikationsnummer gem\u00e4\u00df \u00a727 a Umsatzsteuergesetz: 202\/5041\/1070<\/p>\n<p><strong>Aufsichtsbeh\u00f6rde:<\/strong><br \/>Handwerkskammer Aachen<\/p>\n<p><strong>Angaben zur Betriebshaftpflichtversicherung:<\/strong> Aachen M\u00fcnchener Versicherungs AG, Aachen M\u00fcnchener -Platz 1, 52064 Aachen<br \/>Geltungsraum der Versicherung: Deutschland<\/p>\n<p>&nbsp;<\/p>\n<p>[\/et_pb_text][\/et_pb_column][\/et_pb_row][\/et_pb_section]<\/p>\n","protected":false},"excerpt":{"rendered":"<p>Allgemeine Gesch\u00e4ftsbedingungen (AGB) &nbsp; \u00a0 Geltungsbereich 1.1 Diese Allgemeinen Gesch\u00e4ftsbedingungen gelten f\u00fcr alle Vertr\u00e4ge \u00fcber Bau-, Reparatur-, Wartungs- und sonstige Handwerksleistungen zwischen uns und unseren Auftraggebern. 1.2 Verbraucher ist jede nat\u00fcrliche Person, die ein Rechtsgesch\u00e4ft zu privaten Zwecken abschlie\u00dft (\u00a7 13 BGB). Unternehmer ist eine nat\u00fcrliche oder juristische Person in Aus\u00fcbung ihrer gewerblichen T\u00e4tigkeit (\u00a7 [&hellip;]<\/p>\n","protected":false},"author":1,"featured_media":0,"parent":0,"menu_order":0,"comment_status":"closed","ping_status":"closed","template":"","meta":{"_et_pb_use_builder":"on","_et_pb_old_content":"<p>[et_pb_section bb_built=\"1\"][et_pb_row][\/et_pb_row][\/et_pb_section]<\/p>","_et_gb_content_width":"","footnotes":""},"_links":{"self":[{"href":"https:\/\/durchdacht.org\/index.php?rest_route=\/wp\/v2\/pages\/205"}],"collection":[{"href":"https:\/\/durchdacht.org\/index.php?rest_route=\/wp\/v2\/pages"}],"about":[{"href":"https:\/\/durchdacht.org\/index.php?rest_route=\/wp\/v2\/types\/page"}],"author":[{"embeddable":true,"href":"https:\/\/durchdacht.org\/index.php?rest_route=\/wp\/v2\/users\/1"}],"replies":[{"embeddable":true,"href":"https:\/\/durchdacht.org\/index.php?rest_route=%2Fwp%2Fv2%2Fcomments&post=205"}],"version-history":[{"count":3,"href":"https:\/\/durchdacht.org\/index.php?rest_route=\/wp\/v2\/pages\/205\/revisions"}],"predecessor-version":[{"id":284,"href":"https:\/\/durchdacht.org\/index.php?rest_route=\/wp\/v2\/pages\/205\/revisions\/284"}],"wp:attachment":[{"href":"https:\/\/durchdacht.org\/index.php?rest_route=%2Fwp%2Fv2%2Fmedia&parent=205"}],"curies":[{"name":"wp","href":"https:\/\/api.w.org\/{rel}","templated":true}]}}