{"id":163,"date":"2020-04-20T18:26:22","date_gmt":"2020-04-20T18:26:22","guid":{"rendered":"http:\/\/durchdacht.org\/?page_id=163"},"modified":"2025-04-06T14:28:14","modified_gmt":"2025-04-06T14:28:14","slug":"anhaengerkran-service","status":"publish","type":"page","link":"https:\/\/durchdacht.org\/?page_id=163","title":{"rendered":"Kranwagen &#8211; Service:"},"content":{"rendered":"<p>[et_pb_section fb_built=&#8220;1&#8243; _builder_version=&#8220;4.16&#8243; global_colors_info=&#8220;{}&#8220;][et_pb_row _builder_version=&#8220;4.16&#8243; background_size=&#8220;initial&#8220; background_position=&#8220;top_left&#8220; background_repeat=&#8220;repeat&#8220; global_colors_info=&#8220;{}&#8220;][et_pb_column type=&#8220;4_4&#8243; _builder_version=&#8220;4.16&#8243; custom_padding=&#8220;|||&#8220; global_colors_info=&#8220;{}&#8220; custom_padding__hover=&#8220;|||&#8220;][et_pb_image src=&#8220;http:\/\/durchdacht.org\/wp-content\/uploads\/2018\/04\/logo_durchdacht-1.png&#8220; align_tablet=&#8220;center&#8220; align_last_edited=&#8220;on|desktop&#8220; admin_label=&#8220;Logo&#8220; _builder_version=&#8220;4.16&#8243; always_center_on_mobile=&#8220;on&#8220; global_colors_info=&#8220;{}&#8220; align_phone=&#8220;center&#8220;][\/et_pb_image][et_pb_image src=&#8220;http:\/\/durchdacht.org\/wp-content\/uploads\/2022\/08\/BIld-Kranwagen.jpg&#8220; align=&#8220;center&#8220; force_fullwidth=&#8220;on&#8220; align_tablet=&#8220;center&#8220; align_last_edited=&#8220;on|desktop&#8220; admin_label=&#8220;Bild Kranwagen&#8220; _builder_version=&#8220;4.16&#8243; always_center_on_mobile=&#8220;on&#8220; global_colors_info=&#8220;{}&#8220; align_phone=&#8220;center&#8220;][\/et_pb_image][et_pb_text admin_label=&#8220;Text Kranwagen&#8220; _builder_version=&#8220;4.16&#8243; global_colors_info=&#8220;{}&#8220;]<\/p>\n<p><strong>Kranwagen \u2013 Verleih f\u00fcr Privat- und Firmenkunden<\/strong><\/p>\n<p><strong>Perfekt f\u00fcr Handwerker\/ Dachdecker und Einsatz im privaten Bereich<\/strong><\/p>\n<p>Sie suchen nach einem Autokran f\u00fcr private oder gesch\u00e4ftliche Transporte? Dann sind wir in der St\u00e4dte Region Aachen der richtige Ansprechpartner f\u00fcr Sie.<\/p>\n<p>F\u00fcr Baustellen und Einsatzorte, an denen es station\u00e4re Baukranen an Flexibilit\u00e4t fehlt, ist unser <strong>Autokran B\u00f6cker AK 37\/4000<\/strong> die ideale L\u00f6sung. Autokrane garantieren Ihnen punktgenaues Arbeiten bei maximaler Sicherheit und Flexibilit\u00e4t in unterschiedlichsten Einsatzgebieten: ob f\u00fcr Dachdeckarbeiten, f\u00fcr den Hoch- oder Fassadenbau, Zimmerei, Metallbau oder andere Montagearbeiten \u2013 die leistungsstarke Krantechnik \u00fcberzeugt durch ihre gro\u00dfen Reichweiten, flexiblen Einsatzm\u00f6glichkeiten und hohen Nutzlasten.<\/p>\n<p>Dieser Kran bietet Ihnen die M\u00f6glichkeit eines vorteilhaften Doppelnutzens:<\/p>\n<p>Denn neben seiner Funktion als Kran, kann dieser auch als Hubarbeitsb\u00fchne genutzt werden. Bei einer maximalen Arbeitsh\u00f6he von 35 Metern k\u00f6nnen Sie mit diesem Kran Nutzlasten von bis zu 2.000 Kilogramm transportieren. Durch die Verwendung von speziellen Aluminium-Profilen, die ineinander telekopierbar sind, bew\u00e4ltigt unser Kran problemlos auch Ihre Transportprobleme.<\/p>\n<p>Dabei erm\u00f6glichen vier einzeln klappbare St\u00fctzen das unkomplizierte Aufstellen des Dachdeckerkrans, auch auf engem oder unebenem Grund wie Treppen oder hohen Bordsteinkanten. Durch den Einsatz unseres Kranwagens k\u00f6nnen Sie langfristig Ihre Personalkosten reduzieren.<\/p>\n<p>Unser Anh\u00e4ngerkran l\u00e4sst sich auf die jeweilige Kundenanforderung anpassen.<\/p>\n<p><strong>Einsatzbereich:<\/strong><\/p>\n<ul>\n<li>Glasfassadenbereich<\/li>\n<li>Treppenanlagen<\/li>\n<li>Stahlbau<\/li>\n<li>Metallbau<\/li>\n<li>Auf- und Abbau von Maschinen<\/li>\n<li>Stahlkonstruktionen<\/li>\n<li>Balkonanlagen<\/li>\n<li>Fassadenmontage<\/li>\n<li>sowie im Dachdeckerhandwerk<\/li>\n<li>Umz\u00fcgen<\/li>\n<\/ul>\n<p><strong>Leichte und schnelle Arbeit durch perfekte Hebetechnik<\/strong><\/p>\n<p>Durch die Hebetechnik des Anh\u00e4ngerkrans ist ein m\u00fcheloses Transportieren risikolos. Schwere Elemente m\u00fcssen nicht mehr per Hand \u00fcber Treppen oder Ger\u00fcst bef\u00f6rdert werden. Somit ist ein schnelles und sicheres Arbeiten vorprogrammiert und die Motivation der Mitarbeiter durch die meisterhafte Hebetechnik gesichert.<\/p>\n<p><strong>T\u00e4glicher Einsatz<\/strong><\/p>\n<p>Die schnelle und wirtschaftliche Arbeit zahlt sich f\u00fcr Arbeitgeber und Arbeitnehmer aus. Nicht nur Zeit wird gespart, sondern auch den Arbeitern wird eine gro\u00dfe k\u00f6rperliche Arbeit abgenommen. Auch bei schlechtem Wetter im Herbst und im Winter ist der Kranwagen einsatzbereit.<\/p>\n<p><strong>Technische Details zu unserem Kranwagen finden Sie <a href=\"https:\/\/boecker.de\/fileadmin\/dateien\/Produkte\/Downloads\/Downloads_CH\/Technische_Info_Autokran_AK_374000_CH.pdf\"><em>hier:<\/em><\/a><\/strong><\/p>\n<p><strong>\u00a0<\/strong><strong>Wir beraten Sie<\/strong><\/p>\n<p>Die erfahrenen Kranf\u00fchrer unseres Betriebes beurteilen die Situation vor Ort. Bei Bedarf helfen wir Ihnen bei der Beantragung einer entsprechenden Genehmigung f\u00fcr den Einsatz des Krans.<\/p>\n<p><a href=\"http:\/\/durchdacht.org\/?page_id=111\">Sprechen Sie uns gerne an,\u00a0 wir beraten Sie gerne!<\/a><\/p>\n<p>[\/et_pb_text][\/et_pb_column][\/et_pb_row][\/et_pb_section]<\/p>\n","protected":false},"excerpt":{"rendered":"<p>Kranwagen \u2013 Verleih f\u00fcr Privat- und Firmenkunden Perfekt f\u00fcr Handwerker\/ Dachdecker und Einsatz im privaten Bereich Sie suchen nach einem Autokran f\u00fcr private oder gesch\u00e4ftliche Transporte? Dann sind wir in der St\u00e4dte Region Aachen der richtige Ansprechpartner f\u00fcr Sie. F\u00fcr Baustellen und Einsatzorte, an denen es station\u00e4re Baukranen an Flexibilit\u00e4t fehlt, ist unser Autokran B\u00f6cker [&hellip;]<\/p>\n","protected":false},"author":1,"featured_media":0,"parent":2,"menu_order":0,"comment_status":"closed","ping_status":"closed","template":"","meta":{"_et_pb_use_builder":"on","_et_pb_old_content":"","_et_gb_content_width":"","footnotes":""},"_links":{"self":[{"href":"https:\/\/durchdacht.org\/index.php?rest_route=\/wp\/v2\/pages\/163"}],"collection":[{"href":"https:\/\/durchdacht.org\/index.php?rest_route=\/wp\/v2\/pages"}],"about":[{"href":"https:\/\/durchdacht.org\/index.php?rest_route=\/wp\/v2\/types\/page"}],"author":[{"embeddable":true,"href":"https:\/\/durchdacht.org\/index.php?rest_route=\/wp\/v2\/users\/1"}],"replies":[{"embeddable":true,"href":"https:\/\/durchdacht.org\/index.php?rest_route=%2Fwp%2Fv2%2Fcomments&post=163"}],"version-history":[{"count":11,"href":"https:\/\/durchdacht.org\/index.php?rest_route=\/wp\/v2\/pages\/163\/revisions"}],"predecessor-version":[{"id":245,"href":"https:\/\/durchdacht.org\/index.php?rest_route=\/wp\/v2\/pages\/163\/revisions\/245"}],"up":[{"embeddable":true,"href":"https:\/\/durchdacht.org\/index.php?rest_route=\/wp\/v2\/pages\/2"}],"wp:attachment":[{"href":"https:\/\/durchdacht.org\/index.php?rest_route=%2Fwp%2Fv2%2Fmedia&parent=163"}],"curies":[{"name":"wp","href":"https:\/\/api.w.org\/{rel}","templated":true}]}}

<p>[et_pb_section fb_built=&#8220;1&#8243; _builder_version=&#8220;4.16&#8243; global_colors_info=&#8220;{}&#8220;][et_pb_row _builder_version=&#8220;4.16&#8243; background_size=&#8220;initial&#8220; background_position=&#8220;top_left&#8220; background_repeat=&#8220;repeat&#8220; global_colors_info=&#8220;{}&#8220;][et_pb_column type=&#8220;4_4&#8243; _builder_version=&#8220;4.16&#8243; custom_padding=&#8220;|||&#8220; global_colors_info=&#8220;{}&#8220; custom_padding__hover=&#8220;|||&#8220;][et_pb_image src=&#8220;http://durchdacht.org/wp-content/uploads/2018/04/logo_durchdacht-1.png&#8220; align_tablet=&#8220;center&#8220; align_last_edited=&#8220;on|desktop&#8220; admin_label=&#8220;Logo&#8220; _builder_version=&#8220;4.16&#8243; always_center_on_mobile=&#8220;on&#8220; global_colors_info=&#8220;{}&#8220; align_phone=&#8220;center&#8220;][/et_pb_image][et_pb_image src=&#8220;http://durchdacht.org/wp-content/uploads/2022/08/BIld-Kranwagen.jpg&#8220; align=&#8220;center&#8220; force_fullwidth=&#8220;on&#8220; align_tablet=&#8220;center&#8220; align_last_edited=&#8220;on|desktop&#8220; admin_label=&#8220;Bild Kranwagen&#8220; _builder_version=&#8220;4.16&#8243; always_center_on_mobile=&#8220;on&#8220; global_colors_info=&#8220;{}&#8220; align_phone=&#8220;center&#8220;][/et_pb_image][et_pb_text admin_label=&#8220;Text Kranwagen&#8220; _builder_version=&#8220;4.16&#8243; global_colors_info=&#8220;{}&#8220;]</p>
<p><strong>Kranwagen – Verleih für Privat- und Firmenkunden</strong></p>
<p><strong>Perfekt für Handwerker/ Dachdecker und Einsatz im privaten Bereich</strong></p>
<p>Sie suchen nach einem Autokran für private oder geschäftliche Transporte? Dann sind wir in der Städte Region Aachen der richtige Ansprechpartner für Sie.</p>
<p>Für Baustellen und Einsatzorte, an denen es stationäre Baukranen an Flexibilität fehlt, ist unser <strong>Autokran Böcker AK 37/4000</strong> die ideale Lösung. Autokrane garantieren Ihnen punktgenaues Arbeiten bei maximaler Sicherheit und Flexibilität in unterschiedlichsten Einsatzgebieten: ob für Dachdeckarbeiten, für den Hoch- oder Fassadenbau, Zimmerei, Metallbau oder andere Montagearbeiten – die leistungsstarke Krantechnik überzeugt durch ihre großen Reichweiten, flexiblen Einsatzmöglichkeiten und hohen Nutzlasten.</p>
<p>Dieser Kran bietet Ihnen die Möglichkeit eines vorteilhaften Doppelnutzens:</p>
<p>Denn neben seiner Funktion als Kran, kann dieser auch als Hubarbeitsbühne genutzt werden. Bei einer maximalen Arbeitshöhe von 35 Metern können Sie mit diesem Kran Nutzlasten von bis zu 2.000 Kilogramm transportieren. Durch die Verwendung von speziellen Aluminium-Profilen, die ineinander telekopierbar sind, bewältigt unser Kran problemlos auch Ihre Transportprobleme.</p>
<p>Dabei ermöglichen vier einzeln klappbare Stützen das unkomplizierte Aufstellen des Dachdeckerkrans, auch auf engem oder unebenem Grund wie Treppen oder hohen Bordsteinkanten. Durch den Einsatz unseres Kranwagens können Sie langfristig Ihre Personalkosten reduzieren.</p>
<p>Unser Anhängerkran lässt sich auf die jeweilige Kundenanforderung anpassen.</p>
<p><strong>Einsatzbereich:</strong></p>
<ul>
<li>Glasfassadenbereich</li>
<li>Treppenanlagen</li>
<li>Stahlbau</li>
<li>Metallbau</li>
<li>Auf- und Abbau von Maschinen</li>
<li>Stahlkonstruktionen</li>
<li>Balkonanlagen</li>
<li>Fassadenmontage</li>
<li>sowie im Dachdeckerhandwerk</li>
<li>Umzügen</li>
</ul>
<p><strong>Leichte und schnelle Arbeit durch perfekte Hebetechnik</strong></p>
<p>Durch die Hebetechnik des Anhängerkrans ist ein müheloses Transportieren risikolos. Schwere Elemente müssen nicht mehr per Hand über Treppen oder Gerüst befördert werden. Somit ist ein schnelles und sicheres Arbeiten vorprogrammiert und die Motivation der Mitarbeiter durch die meisterhafte Hebetechnik gesichert.</p>
<p><strong>Täglicher Einsatz</strong></p>
<p>Die schnelle und wirtschaftliche Arbeit zahlt sich für Arbeitgeber und Arbeitnehmer aus. Nicht nur Zeit wird gespart, sondern auch den Arbeitern wird eine große körperliche Arbeit abgenommen. Auch bei schlechtem Wetter im Herbst und im Winter ist der Kranwagen einsatzbereit.</p>
<p><strong>Technische Details zu unserem Kranwagen finden Sie <a href="https://boecker.de/fileadmin/dateien/Produkte/Downloads/Downloads_CH/Technische_Info_Autokran_AK_374000_CH.pdf"><em>hier:</em></a></strong></p>
<p><strong> </strong><strong>Wir beraten Sie</strong></p>
<p>Die erfahrenen Kranführer unseres Betriebes beurteilen die Situation vor Ort. Bei Bedarf helfen wir Ihnen bei der Beantragung einer entsprechenden Genehmigung für den Einsatz des Krans.</p>
<p><a href="http://durchdacht.org/?page_id=111">Sprechen Sie uns gerne an,  wir beraten Sie gerne!</a></p>
<p>[/et_pb_text][/et_pb_column][/et_pb_row][/et_pb_section]</p>

<p>Kranwagen – Verleih für Privat- und Firmenkunden Perfekt für Handwerker/ Dachdecker und Einsatz im privaten Bereich Sie suchen nach einem Autokran für private oder geschäftliche Transporte? Dann sind wir in der Städte Region Aachen der richtige Ansprechpartner für Sie. Für Baustellen und Einsatzorte, an denen es stationäre Baukranen an Flexibilität fehlt, ist unser Autokran Böcker [&hellip;]</p>
