{"id":111,"date":"2018-02-17T16:47:20","date_gmt":"2018-02-17T16:47:20","guid":{"rendered":"http:\/\/durchdacht.org\/?page_id=111"},"modified":"2018-02-17T18:36:56","modified_gmt":"2018-02-17T18:36:56","slug":"kontakt","status":"publish","type":"page","link":"https:\/\/durchdacht.org\/?page_id=111","title":{"rendered":"Kontakt"},"content":{"rendered":"<p>[et_pb_section bb_built=&#8220;1&#8243; fullwidth=&#8220;on&#8220; specialty=&#8220;off&#8220;][et_pb_fullwidth_image admin_label=&#8220;BILD INTRO ENTSPANNT&#8220; _builder_version=&#8220;3.0.92&#8243; src=&#8220;http:\/\/durchdacht.org\/wp-content\/uploads\/2017\/12\/Enspannt_Dach-Slider-jpg.jpg&#8220; show_in_lightbox=&#8220;off&#8220; url_new_window=&#8220;off&#8220; use_overlay=&#8220;off&#8220; \/][\/et_pb_section][et_pb_section bb_built=&#8220;1&#8243; _builder_version=&#8220;3.0.92&#8243;][et_pb_row][et_pb_column type=&#8220;1_2&#8243;][et_pb_image admin_label=&#8220;Logo Durchdacht&#8220; _builder_version=&#8220;3.0.92&#8243; src=&#8220;http:\/\/durchdacht.org\/wp-content\/uploads\/2017\/12\/logo-Durchdacht-pur-slider1.png&#8220; show_in_lightbox=&#8220;off&#8220; url_new_window=&#8220;off&#8220; use_overlay=&#8220;off&#8220; always_center_on_mobile=&#8220;on&#8220; force_fullwidth=&#8220;on&#8220; show_bottom_space=&#8220;on&#8220; \/][\/et_pb_column][et_pb_column type=&#8220;1_2&#8243;][et_pb_text admin_label=&#8220;Kontaktanschrift&#8220; _builder_version=&#8220;3.0.92&#8243; background_layout=&#8220;light&#8220;]<\/p>\n<p>DURCHDACHT<\/p>\n<p>Benjamin Brech<\/p>\n<p>Mittelstra\u00dfe 4<\/p>\n<p>52249 Eschweiler<\/p>\n<p>Mobil: 00 49 177 799 898 4<\/p>\n<p>B\u00fcro: 00 49 2403 704 560<\/p>\n<p>Fax: 00 49 2403 809 828 1<\/p>\n<p>&nbsp;<\/p>\n<p>info@durchdacht.org<\/p>\n<p>[\/et_pb_text][\/et_pb_column][\/et_pb_row][\/et_pb_section][et_pb_section bb_built=&#8220;1&#8243; fullwidth=&#8220;off&#8220; specialty=&#8220;off&#8220;][et_pb_row][et_pb_column type=&#8220;4_4&#8243;][\/et_pb_column][et_pb_column type=&#8220;4_4&#8243;][et_pb_contact_form _builder_version=&#8220;3.0.92&#8243; title=&#8220;Kontaktformular&#8220; success_message=&#8220;Vielen Dank f\u00fcr Ihre Nachricht. Wir k\u00fcmmern uns schnellstm\u00f6glich um Ihr Anliegen.&#8220; submit_button_text=&#8220;Nachricht versenden &#8220; email=&#8220;info@durchdacht.org&#8220; captcha=&#8220;on&#8220; use_redirect=&#8220;off&#8220; custom_button=&#8220;on&#8220; button_icon_placement=&#8220;right&#8220; title_text_color=&#8220;#000000&#8243; form_field_text_color=&#8220;#000000&#8243; form_background_color=&#8220;#ffffff&#8220; button_text_color=&#8220;#000000&#8243; button_border_color=&#8220;#000000&#8243; button_border_color_hover=&#8220;#000000&#8243; border_style_all=&#8220;dotted&#8220; box_shadow_style=&#8220;preset1&#8243;][et_pb_contact_field field_title=&#8220;Name&#8220; field_type=&#8220;input&#8220; field_id=&#8220;Name&#8220; required_mark=&#8220;on&#8220; fullwidth_field=&#8220;off&#8220; \/][et_pb_contact_field field_title=&#8220;E-Mail-Adresse&#8220; field_type=&#8220;email&#8220; field_id=&#8220;Email&#8220; required_mark=&#8220;on&#8220; fullwidth_field=&#8220;off&#8220; \/][et_pb_contact_field field_title=&#8220;Nachricht&#8220; field_type=&#8220;text&#8220; field_id=&#8220;Message&#8220; required_mark=&#8220;on&#8220; fullwidth_field=&#8220;on&#8220; \/][\/et_pb_contact_form][\/et_pb_column][\/et_pb_row][\/et_pb_section]<\/p>\n","protected":false},"excerpt":{"rendered":"<p><div class=\"et_pb_row et_pb_row_0 et_pb_row_empty\">\n\t\t\t\t\n\t\t\t\t\n\t\t\t\t\n\t\t\t\t\n\t\t\t\t\n\t\t\t<\/div> DURCHDACHT Benjamin Brech Mittelstra\u00dfe 4 52249 Eschweiler Mobil: 00 49 177 799 898 4 B\u00fcro: 00 49 2403 704 560 Fax: 00 49 2403 809 828 1 &nbsp; info@durchdacht.org <div class=\"et_pb_row et_pb_row_1 et_pb_row_empty\">\n\t\t\t\t\n\t\t\t\t\n\t\t\t\t\n\t\t\t\t\n\t\t\t\t\n\t\t\t<\/div><\/p>\n","protected":false},"author":1,"featured_media":0,"parent":0,"menu_order":0,"comment_status":"closed","ping_status":"closed","template":"","meta":{"_et_pb_use_builder":"on","_et_pb_old_content":"","_et_gb_content_width":"","footnotes":""},"_links":{"self":[{"href":"https:\/\/durchdacht.org\/index.php?rest_route=\/wp\/v2\/pages\/111"}],"collection":[{"href":"https:\/\/durchdacht.org\/index.php?rest_route=\/wp\/v2\/pages"}],"about":[{"href":"https:\/\/durchdacht.org\/index.php?rest_route=\/wp\/v2\/types\/page"}],"author":[{"embeddable":true,"href":"https:\/\/durchdacht.org\/index.php?rest_route=\/wp\/v2\/users\/1"}],"replies":[{"embeddable":true,"href":"https:\/\/durchdacht.org\/index.php?rest_route=%2Fwp%2Fv2%2Fcomments&post=111"}],"version-history":[{"count":6,"href":"https:\/\/durchdacht.org\/index.php?rest_route=\/wp\/v2\/pages\/111\/revisions"}],"predecessor-version":[{"id":133,"href":"https:\/\/durchdacht.org\/index.php?rest_route=\/wp\/v2\/pages\/111\/revisions\/133"}],"wp:attachment":[{"href":"https:\/\/durchdacht.org\/index.php?rest_route=%2Fwp%2Fv2%2Fmedia&parent=111"}],"curies":[{"name":"wp","href":"https:\/\/api.w.org\/{rel}","templated":true}]}}

<p>[et_pb_section bb_built=&#8220;1&#8243; fullwidth=&#8220;on&#8220; specialty=&#8220;off&#8220;][et_pb_fullwidth_image admin_label=&#8220;BILD INTRO ENTSPANNT&#8220; _builder_version=&#8220;3.0.92&#8243; src=&#8220;http://durchdacht.org/wp-content/uploads/2017/12/Enspannt_Dach-Slider-jpg.jpg&#8220; show_in_lightbox=&#8220;off&#8220; url_new_window=&#8220;off&#8220; use_overlay=&#8220;off&#8220; /][/et_pb_section][et_pb_section bb_built=&#8220;1&#8243; _builder_version=&#8220;3.0.92&#8243;][et_pb_row][et_pb_column type=&#8220;1_2&#8243;][et_pb_image admin_label=&#8220;Logo Durchdacht&#8220; _builder_version=&#8220;3.0.92&#8243; src=&#8220;http://durchdacht.org/wp-content/uploads/2017/12/logo-Durchdacht-pur-slider1.png&#8220; show_in_lightbox=&#8220;off&#8220; url_new_window=&#8220;off&#8220; use_overlay=&#8220;off&#8220; always_center_on_mobile=&#8220;on&#8220; force_fullwidth=&#8220;on&#8220; show_bottom_space=&#8220;on&#8220; /][/et_pb_column][et_pb_column type=&#8220;1_2&#8243;][et_pb_text admin_label=&#8220;Kontaktanschrift&#8220; _builder_version=&#8220;3.0.92&#8243; background_layout=&#8220;light&#8220;]</p>
<p>DURCHDACHT</p>
<p>Benjamin Brech</p>
<p>Mittelstraße 4</p>
<p>52249 Eschweiler</p>
<p>Mobil: 00 49 177 799 898 4</p>
<p>Büro: 00 49 2403 704 560</p>
<p>Fax: 00 49 2403 809 828 1</p>
<p>&nbsp;</p>
<p>info@durchdacht.org</p>
<p>[/et_pb_text][/et_pb_column][/et_pb_row][/et_pb_section][et_pb_section bb_built=&#8220;1&#8243; fullwidth=&#8220;off&#8220; specialty=&#8220;off&#8220;][et_pb_row][et_pb_column type=&#8220;4_4&#8243;][/et_pb_column][et_pb_column type=&#8220;4_4&#8243;][et_pb_contact_form _builder_version=&#8220;3.0.92&#8243; title=&#8220;Kontaktformular&#8220; success_message=&#8220;Vielen Dank für Ihre Nachricht. Wir kümmern uns schnellstmöglich um Ihr Anliegen.&#8220; submit_button_text=&#8220;Nachricht versenden &#8220; email=&#8220;info@durchdacht.org&#8220; captcha=&#8220;on&#8220; use_redirect=&#8220;off&#8220; custom_button=&#8220;on&#8220; button_icon_placement=&#8220;right&#8220; title_text_color=&#8220;#000000&#8243; form_field_text_color=&#8220;#000000&#8243; form_background_color=&#8220;#ffffff&#8220; button_text_color=&#8220;#000000&#8243; button_border_color=&#8220;#000000&#8243; button_border_color_hover=&#8220;#000000&#8243; border_style_all=&#8220;dotted&#8220; box_shadow_style=&#8220;preset1&#8243;][et_pb_contact_field field_title=&#8220;Name&#8220; field_type=&#8220;input&#8220; field_id=&#8220;Name&#8220; required_mark=&#8220;on&#8220; fullwidth_field=&#8220;off&#8220; /][et_pb_contact_field field_title=&#8220;E-Mail-Adresse&#8220; field_type=&#8220;email&#8220; field_id=&#8220;Email&#8220; required_mark=&#8220;on&#8220; fullwidth_field=&#8220;off&#8220; /][et_pb_contact_field field_title=&#8220;Nachricht&#8220; field_type=&#8220;text&#8220; field_id=&#8220;Message&#8220; required_mark=&#8220;on&#8220; fullwidth_field=&#8220;on&#8220; /][/et_pb_contact_form][/et_pb_column][/et_pb_row][/et_pb_section]</p>

<p><div class="et_pb_row et_pb_row_0 et_pb_row_empty">
				
				
				
				
				
			</div> DURCHDACHT Benjamin Brech Mittelstraße 4 52249 Eschweiler Mobil: 00 49 177 799 898 4 Büro: 00 49 2403 704 560 Fax: 00 49 2403 809 828 1 &nbsp; info@durchdacht.org <div class="et_pb_row et_pb_row_1 et_pb_row_empty">
				
				
				
				
				
			</div></p>
